{"id":187,"date":"2020-05-25T18:00:47","date_gmt":"2020-05-25T18:00:47","guid":{"rendered":"https:\/\/tiendadona.merkadoweb.es\/?page_id=187"},"modified":"2022-04-25T08:35:46","modified_gmt":"2022-04-25T08:35:46","slug":"tienda-online","status":"publish","type":"page","link":"https:\/\/tienda.donaire.com.es\/","title":{"rendered":"Bienvenido a la tienda Online de Donaire"},"content":{"rendered":"\n\n  <div class=\"banner has-hover is-full-height\" id=\"banner-529763271\">\n          <div class=\"banner-inner fill\">\n        <div class=\"banner-bg fill\" >\n            <div class=\"bg fill bg-fill \"><\/div>\n                        <div class=\"overlay\"><\/div>            \n                    <\/div>\n        <div class=\"banner-layers container\">\n            <div class=\"fill banner-link\"><\/div>            \n\n   <div id=\"text-box-1820555638\" class=\"text-box banner-layer x50 md-x50 lg-x50 y50 md-y50 lg-y50 res-text\">\n                                <div class=\"text dark\">\n              \n              <div class=\"text-inner text-center\">\n                  \n\n<p><iframe loading=\"lazy\" width=\"1033\" height=\"581\" src=\"https:\/\/www.youtube.com\/embed\/-ZXSO7_rg2U?\"loop=1&#038;playlist=\/-ZXSO7_rg2U &#038;autoplay=1\" frameborder=\"0\" allow=\"accelerometer; autoplay; encrypted-media; gyroscope; picture-in-picture\" allowfullscreen><\/iframe><\/p>\n\n              <\/div>\n           <\/div>\n                            \n<style>\n#text-box-1820555638 {\n  width: 60%;\n}\n#text-box-1820555638 .text {\n  font-size: 100%;\n}\n@media (min-width:550px) {\n  #text-box-1820555638 {\n    width: 100%;\n  }\n}\n<\/style>\n    <\/div>\n \n\n        <\/div>\n      <\/div>\n\n            \n<style>\n#banner-529763271 {\n  padding-top: 100%;\n  background-color: rgb(0,0,0);\n}\n#banner-529763271 .overlay {\n  background-color: rgba(44, 53, 66, 0.13);\n}\n<\/style>\n  <\/div>\n\n\n\t<section class=\"section\" id=\"section_551532640\">\n\t\t<div class=\"bg section-bg fill bg-fill  bg-loaded\" >\n\n\t\t\t\n\t\t\t\n\t\t\t\n\n\t\t<\/div>\n\n\t\t<div class=\"section-content relative\">\n\t\t\t\n\n<div class=\"row align-equal align-center\"  id=\"row-2006669342\">\n\n\n\t<div id=\"col-1576491401\" class=\"col small-12 large-12\"  >\n\t\t<div class=\"col-inner text-center\"  >\n\t\t\t\n\t\t\t\n\n<div class=\"container section-title-container\" ><h3 class=\"section-title section-title-bold\"><b><\/b><span class=\"section-title-main\" style=\"color:rgb(23, 159, 195);\"><i class=\"icon-checkmark\" ><\/i>PRODUCTOS DESTACADOS<\/span><b><\/b><\/h3><\/div>\n\n<div class=\"woocommerce columns-5 \"><\/div>\n\n<a href=\"https:\/\/tienda.donaire.com.es\/tienda-donaire\/\" target=\"_self\" class=\"button primary is-outline\"  >\n    <span>ver tienda<\/span>\n  <i class=\"icon-shopping-basket\" ><\/i><\/a>\n\n\n\n\t\t<\/div>\n\t\t\t<\/div>\n\n\t\n\n\n<style>\n#row-2006669342 > .col > .col-inner {\n  background-color: rgb(255,255,255);\n}\n<\/style>\n<\/div>\n\n\t\t<\/div>\n\n\t\t\n<style>\n#section_551532640 {\n  padding-top: 30px;\n  padding-bottom: 30px;\n  background-color: rgb(255, 255, 255);\n}\n<\/style>\n\t<\/section>\n\t\n\t<section class=\"section dark\" id=\"section_1066994485\">\n\t\t<div class=\"bg section-bg fill bg-fill  \" >\n\n\t\t\t\n\t\t\t<div class=\"section-bg-overlay absolute fill\"><\/div>\n\t\t\t\n\t<div class=\"is-border\"\n\t\tstyle=\"border-width:0px 0px 0px 0px;\">\n\t<\/div>\n\n\t\t<\/div>\n\n\t\t<div class=\"section-content relative\">\n\t\t\t\n\n<div class=\"row\"  id=\"row-628227811\">\n\n\n\t<div id=\"col-189218512\" class=\"col medium-7 small-12 large-7\"  >\n\t\t<div class=\"col-inner dark\"  >\n\t\t\t\n\t\t\t\n\n<h3><span style=\"font-size: 110%;\">Contacta con nosotros<br \/><\/span><\/h3>\n\t<div id=\"gap-1693413412\" class=\"gap-element clearfix\" style=\"display:block; height:auto;\">\n\t\t\n<style>\n#gap-1693413412 {\n  padding-top: 10px;\n}\n<\/style>\n\t<\/div>\n\t\n\n\n<div class=\"wpcf7 no-js\" id=\"wpcf7-f4-o1\" lang=\"es-ES\" dir=\"ltr\" data-wpcf7-id=\"4\">\n<div class=\"screen-reader-response\"><p role=\"status\" aria-live=\"polite\" aria-atomic=\"true\"><\/p> <ul><\/ul><\/div>\n<form action=\"\/index.php?rest_route=%2Fwp%2Fv2%2Fpages%2F187#wpcf7-f4-o1\" method=\"post\" class=\"wpcf7-form init\" aria-label=\"Formulario de contacto\" novalidate=\"novalidate\" data-status=\"init\">\n<fieldset class=\"hidden-fields-container\"><input type=\"hidden\" name=\"_wpcf7\" value=\"4\" \/><input type=\"hidden\" name=\"_wpcf7_version\" value=\"6.1.5\" \/><input type=\"hidden\" name=\"_wpcf7_locale\" value=\"es_ES\" \/><input type=\"hidden\" name=\"_wpcf7_unit_tag\" value=\"wpcf7-f4-o1\" \/><input type=\"hidden\" name=\"_wpcf7_container_post\" value=\"0\" \/><input type=\"hidden\" name=\"_wpcf7_posted_data_hash\" value=\"\" \/><input type=\"hidden\" name=\"_wpcf7_recaptcha_response\" value=\"\" \/>\n<\/fieldset>\n<p><label> Nombre (Obligatorio)<br \/>\n<span class=\"wpcf7-form-control-wrap\" data-name=\"your-name\"><input size=\"40\" maxlength=\"400\" class=\"wpcf7-form-control wpcf7-text wpcf7-validates-as-required\" aria-required=\"true\" aria-invalid=\"false\" value=\"\" type=\"text\" name=\"your-name\" \/><\/span> <\/label>\n<\/p>\n<p><label> Email (Obligatorio)<br \/>\n<span class=\"wpcf7-form-control-wrap\" data-name=\"your-email\"><input size=\"40\" maxlength=\"400\" class=\"wpcf7-form-control wpcf7-email wpcf7-validates-as-required wpcf7-text wpcf7-validates-as-email\" aria-required=\"true\" aria-invalid=\"false\" value=\"\" type=\"email\" name=\"your-email\" \/><\/span> <\/label>\n<\/p>\n<p><label> Mensaje<br \/>\n<span class=\"wpcf7-form-control-wrap\" data-name=\"your-message\"><textarea cols=\"40\" rows=\"10\" maxlength=\"2000\" class=\"wpcf7-form-control wpcf7-textarea\" aria-invalid=\"false\" name=\"your-message\"><\/textarea><\/span> <\/label>\n<\/p>\n<p><span class=\"wpcf7-form-control-wrap\" data-name=\"quiz-683\"><label><span class=\"wpcf7-quiz-label\">3 + 4 =<\/span> <input size=\"40\" class=\"wpcf7-form-control wpcf7-quiz\" autocomplete=\"off\" aria-required=\"true\" aria-invalid=\"false\" type=\"text\" name=\"quiz-683\" \/><\/label><input type=\"hidden\" name=\"_wpcf7_quiz_answer_quiz-683\" value=\"1a57c16dd3da7a7f793ac3f831f911b3\" \/><\/span>\n<\/p>\n<p><input class=\"wpcf7-form-control wpcf7-submit has-spinner\" type=\"submit\" value=\"Enviar\" \/>\n<\/p><div class=\"wpcf7-response-output\" aria-hidden=\"true\"><\/div>\n<\/form>\n<\/div>\n\n\n\n\t\t<\/div>\n\t\t\t<\/div>\n\n\t\n\n\t<div id=\"col-810694995\" class=\"col medium-5 small-12 large-5\"  >\n\t\t<div class=\"col-inner box-shadow-3 text-shadow-1\" style=\"background-color:rgb(23, 159, 195);\" >\n\t\t\t\n\t\t\t\n\n\n  <div class=\"banner has-hover is-full-height\" id=\"banner-1077511081\">\n          <div class=\"banner-inner fill\">\n        <div class=\"banner-bg fill\" >\n            <div class=\"bg fill bg-fill \"><\/div>\n                                    \n                    <\/div>\n        <div class=\"banner-layers container\">\n            <div class=\"fill banner-link\"><\/div>            \n\n   <div id=\"text-box-1817426476\" class=\"text-box banner-layer x100 md-x100 lg-x100 y50 md-y50 lg-y50 res-text\">\n                                <div class=\"text dark\">\n              \n              <div class=\"text-inner text-center\">\n                  \n\n<div class=\"et_pb_module et_pb_text et_pb_text_3et_pb_text_align_left et_pb_bg_layout_light\">\n<div class=\"et_pb_text_inner\">\n<h1>Donaire, Belleza y L\u00e1ser.<\/h1>\n<\/div>\n<\/div>\n<div class=\"et_pb_module et_pb_text et_pb_text_4et_pb_text_align_left et_pb_bg_layout_light\">\n<div class=\"et_pb_text_inner\">\n<p><span style=\"font-size: 160%;\">En nuestros centros <strong>Donaire Belleza y L\u00e1ser<\/strong> utilizamos equipos de <strong>\u00faltima generaci\u00f3n<\/strong> con la \u00faltima tecnolog\u00eda en <strong>depilaci\u00f3n l\u00e1ser y en tratamientos est\u00e9ticos<\/strong>.<\/span><\/p>\n<p><span style=\"font-size: 160%;\">Ofrecemos a nuestros clientes <strong>tratamientos est\u00e9ticos faciales y corporales de alta calidad y cosm\u00e9tica exclusiva<\/strong>. Los <strong>m\u00e1s de 19.000 clientes tratados<\/strong> en nuestros centros, avalan la profesionalidad de las m\u00e1s de 40 personas que conforman nuestro equipo.<\/span><\/p>\n<p><span style=\"font-size: 160%;\"><strong>\u00a1Ven y M\u00edmate!<\/strong><\/span><\/p>\n<\/div>\n<\/div>\n<a rel=\"noopener noreferrer\" href=\"https:\/\/donaire.com.es\/\" target=\"_blank\" class=\"button white is-outline is-larger\"  >\n    <span>visita nuestra web<\/span>\n  <\/a>\n\n\n\n              <\/div>\n           <\/div>\n                            \n<style>\n#text-box-1817426476 {\n  width: 100%;\n}\n#text-box-1817426476 .text {\n  font-size: 100%;\n}\n<\/style>\n    <\/div>\n \n\n        <\/div>\n      <\/div>\n\n            \n<style>\n#banner-1077511081 {\n  padding-top: 100%;\n  background-color: rgb(23, 159, 195);\n}\n<\/style>\n  <\/div>\n\n\n\n\t\t<\/div>\n\t\t\t<\/div>\n\n\t\n\n\n<style>\n#row-628227811 > .col > .col-inner {\n  padding: 0px 55px 0px 55px;\n}\n<\/style>\n<\/div>\n\n\t\t<\/div>\n\n\t\t\n<style>\n#section_1066994485 {\n  padding-top: 22px;\n  padding-bottom: 22px;\n}\n#section_1066994485 .section-bg-overlay {\n  background-color: rgba(48, 68, 85, 0.74);\n}\n#section_1066994485 .section-bg.bg-loaded {\n  background-image: url(https:\/\/tienda.donaire.com.es\/wp-content\/uploads\/2020\/05\/skincare-2357980_1920.jpg);\n}\n<\/style>\n\t<\/section>\n\t\n\n","protected":false},"excerpt":{"rendered":"","protected":false},"author":1,"featured_media":0,"parent":0,"menu_order":0,"comment_status":"closed","ping_status":"closed","template":"page-blank.php","meta":{"footnotes":""},"class_list":["post-187","page","type-page","status-publish","hentry"],"yoast_head":"<!-- This site is optimized with the Yoast SEO plugin v27.4 - https:\/\/yoast.com\/product\/yoast-seo-wordpress\/ -->\n<title>Bienvenido a la tienda Online de Donaire - Donaire tienda Online<\/title>\n<meta name=\"robots\" content=\"index, follow, max-snippet:-1, max-image-preview:large, max-video-preview:-1\" \/>\n<link rel=\"canonical\" href=\"https:\/\/tienda.donaire.com.es\/\" \/>\n<meta property=\"og:locale\" content=\"es_ES\" \/>\n<meta property=\"og:type\" content=\"article\" \/>\n<meta property=\"og:title\" content=\"Bienvenido a la tienda Online de Donaire - Donaire tienda Online\" \/>\n<meta property=\"og:url\" content=\"https:\/\/tienda.donaire.com.es\/\" \/>\n<meta property=\"og:site_name\" content=\"Donaire tienda Online\" \/>\n<meta property=\"article:modified_time\" content=\"2022-04-25T08:35:46+00:00\" \/>\n<meta name=\"twitter:card\" content=\"summary_large_image\" \/>\n<script type=\"application\/ld+json\" class=\"yoast-schema-graph\">{\"@context\":\"https:\\\/\\\/schema.org\",\"@graph\":[{\"@type\":\"WebPage\",\"@id\":\"https:\\\/\\\/tienda.donaire.com.es\\\/\",\"url\":\"https:\\\/\\\/tienda.donaire.com.es\\\/\",\"name\":\"Bienvenido a la tienda Online de Donaire - Donaire tienda Online\",\"isPartOf\":{\"@id\":\"https:\\\/\\\/tienda.donaire.com.es\\\/#website\"},\"datePublished\":\"2020-05-25T18:00:47+00:00\",\"dateModified\":\"2022-04-25T08:35:46+00:00\",\"breadcrumb\":{\"@id\":\"https:\\\/\\\/tienda.donaire.com.es\\\/#breadcrumb\"},\"inLanguage\":\"es\",\"potentialAction\":[{\"@type\":\"ReadAction\",\"target\":[\"https:\\\/\\\/tienda.donaire.com.es\\\/\"]}]},{\"@type\":\"BreadcrumbList\",\"@id\":\"https:\\\/\\\/tienda.donaire.com.es\\\/#breadcrumb\",\"itemListElement\":[{\"@type\":\"ListItem\",\"position\":1,\"name\":\"Home\",\"item\":\"https:\\\/\\\/tienda.donaire.com.es\\\/\"},{\"@type\":\"ListItem\",\"position\":2,\"name\":\"Bienvenido a la tienda Online de Donaire\"}]},{\"@type\":\"WebSite\",\"@id\":\"https:\\\/\\\/tienda.donaire.com.es\\\/#website\",\"url\":\"https:\\\/\\\/tienda.donaire.com.es\\\/\",\"name\":\"Donaire tienda Online\",\"description\":\"\",\"potentialAction\":[{\"@type\":\"SearchAction\",\"target\":{\"@type\":\"EntryPoint\",\"urlTemplate\":\"https:\\\/\\\/tienda.donaire.com.es\\\/?s={search_term_string}\"},\"query-input\":{\"@type\":\"PropertyValueSpecification\",\"valueRequired\":true,\"valueName\":\"search_term_string\"}}],\"inLanguage\":\"es\"}]}<\/script>\n<!-- \/ Yoast SEO plugin. -->","yoast_head_json":{"title":"Bienvenido a la tienda Online de Donaire - Donaire tienda Online","robots":{"index":"index","follow":"follow","max-snippet":"max-snippet:-1","max-image-preview":"max-image-preview:large","max-video-preview":"max-video-preview:-1"},"canonical":"https:\/\/tienda.donaire.com.es\/","og_locale":"es_ES","og_type":"article","og_title":"Bienvenido a la tienda Online de Donaire - Donaire tienda Online","og_url":"https:\/\/tienda.donaire.com.es\/","og_site_name":"Donaire tienda Online","article_modified_time":"2022-04-25T08:35:46+00:00","twitter_card":"summary_large_image","schema":{"@context":"https:\/\/schema.org","@graph":[{"@type":"WebPage","@id":"https:\/\/tienda.donaire.com.es\/","url":"https:\/\/tienda.donaire.com.es\/","name":"Bienvenido a la tienda Online de Donaire - Donaire tienda Online","isPartOf":{"@id":"https:\/\/tienda.donaire.com.es\/#website"},"datePublished":"2020-05-25T18:00:47+00:00","dateModified":"2022-04-25T08:35:46+00:00","breadcrumb":{"@id":"https:\/\/tienda.donaire.com.es\/#breadcrumb"},"inLanguage":"es","potentialAction":[{"@type":"ReadAction","target":["https:\/\/tienda.donaire.com.es\/"]}]},{"@type":"BreadcrumbList","@id":"https:\/\/tienda.donaire.com.es\/#breadcrumb","itemListElement":[{"@type":"ListItem","position":1,"name":"Home","item":"https:\/\/tienda.donaire.com.es\/"},{"@type":"ListItem","position":2,"name":"Bienvenido a la tienda Online de Donaire"}]},{"@type":"WebSite","@id":"https:\/\/tienda.donaire.com.es\/#website","url":"https:\/\/tienda.donaire.com.es\/","name":"Donaire tienda Online","description":"","potentialAction":[{"@type":"SearchAction","target":{"@type":"EntryPoint","urlTemplate":"https:\/\/tienda.donaire.com.es\/?s={search_term_string}"},"query-input":{"@type":"PropertyValueSpecification","valueRequired":true,"valueName":"search_term_string"}}],"inLanguage":"es"}]}},"_links":{"self":[{"href":"https:\/\/tienda.donaire.com.es\/index.php?rest_route=\/wp\/v2\/pages\/187","targetHints":{"allow":["GET"]}}],"collection":[{"href":"https:\/\/tienda.donaire.com.es\/index.php?rest_route=\/wp\/v2\/pages"}],"about":[{"href":"https:\/\/tienda.donaire.com.es\/index.php?rest_route=\/wp\/v2\/types\/page"}],"author":[{"embeddable":true,"href":"https:\/\/tienda.donaire.com.es\/index.php?rest_route=\/wp\/v2\/users\/1"}],"replies":[{"embeddable":true,"href":"https:\/\/tienda.donaire.com.es\/index.php?rest_route=%2Fwp%2Fv2%2Fcomments&post=187"}],"version-history":[{"count":20,"href":"https:\/\/tienda.donaire.com.es\/index.php?rest_route=\/wp\/v2\/pages\/187\/revisions"}],"predecessor-version":[{"id":369,"href":"https:\/\/tienda.donaire.com.es\/index.php?rest_route=\/wp\/v2\/pages\/187\/revisions\/369"}],"wp:attachment":[{"href":"https:\/\/tienda.donaire.com.es\/index.php?rest_route=%2Fwp%2Fv2%2Fmedia&parent=187"}],"curies":[{"name":"wp","href":"https:\/\/api.w.org\/{rel}","templated":true}]}}